{"id":20657,"date":"2026-01-23T13:00:18","date_gmt":"2026-01-23T12:00:18","guid":{"rendered":"https:\/\/beta.visitsandonatovaldicomino.it\/esperienza\/larte-degli-scalpellini-laboratorio-con-il-mastro-di-san-donato\/"},"modified":"2026-03-03T20:19:11","modified_gmt":"2026-03-03T19:19:11","slug":"larte-degli-scalpellini-laboratorio-con-il-mastro-di-san-donato","status":"publish","type":"esperienza","link":"https:\/\/beta.visitsandonatovaldicomino.it\/es\/esperienza\/larte-degli-scalpellini-laboratorio-con-il-mastro-di-san-donato\/","title":{"rendered":"L\u2019arte degli Scalpellini: Laboratorio con il Mastro di San Donato"},"content":{"rendered":"<p>Sum\u00e9rjase en la tradici\u00f3n centenaria de los canteros de San Donato Val di Comino y viva una experiencia \u00fanica. En este taller de 1-2 horas, tendr\u00e1 la oportunidad de conocer la historia de este antiguo arte, que ha dado forma a los paisajes y edificios de nuestro pueblo, y ponerse a prueba bajo la experta gu\u00eda del maestro cantero Stefano.<\/p>\n<p>Durante la experiencia, Stefano le llevar\u00e1 en un fascinante viaje a trav\u00e9s de las t\u00e9cnicas y herramientas utilizadas por los canteros a lo largo de los siglos. Podr\u00e1 tocar las herramientas originales y experimentar el arte de tallar la piedra, aprendiendo los secretos de este antiguo oficio.<\/p>","protected":false},"featured_media":7525,"comment_status":"open","ping_status":"open","template":"","class_list":["post-20657","esperienza","type-esperienza","status-publish","has-post-thumbnail","hentry","tde-artigianato","as-laboratorio","durata-100h","ldc-immersiva","pc-tutto-lanno","pcea-famiglie","pcea-gruppi","pcea-individuali","pcea-scuole","tipologia-biglietti-a-pagamento-e-su-prenotazione","linguadisponibile-inglese","linguadisponibile-italiano","cosainclude-creazione-di-un-piccolo-manufatto-da-portare-via","cosainclude-dimostrazione-delle-tecniche-di-lavorazione-della-pietra","cosainclude-introduzione-alla-storia-e-alla-tradizione-degli-scalpellini-sandonatesi","cosainclude-sessione-pratica-con-strumenti-tradizionali","tdr-puoi-cambiare-le-date-gratuitamente-della-prenotazione-fino-a-24-ore-prima-dellorario-di-inizio","cni-assicurazione-sanitaria-privata-di-viaggio","cpcs-solo-la-tua-creativita","requisiti-eta-minima-18-anni","requisiti-prenotazione-obbligatoria","requisiti-scarpe-comode","badgeequalit-consigliata"],"yoast_head":"<!-- This site is optimized with the Yoast SEO Premium plugin v26.7 (Yoast SEO v27.4) - https:\/\/yoast.com\/product\/yoast-seo-premium-wordpress\/ -->\n<title>L\u2019arte degli Scalpellini: Laboratorio con il Mastro di San Donato | Visit San Donato Val di Comino<\/title>\n<meta name=\"robots\" content=\"noindex, follow, max-snippet:-1, max-image-preview:large, max-video-preview:-1\" \/>\n<meta property=\"og:locale\" content=\"es_ES\" \/>\n<meta property=\"og:type\" content=\"article\" \/>\n<meta property=\"og:title\" content=\"L\u2019arte degli Scalpellini: Laboratorio con il Mastro di San Donato\" \/>\n<meta property=\"og:description\" content=\"Immergiti nella tradizione secolare degli scalpellini di San Donato Val di Comino e vivi un\u2019esperienza unica! In questo laboratorio di 1-2 ore, avrai l\u2019opportunit\u00e0 di conoscere da vicino la storia di quest\u2019arte antica, che ha modellato i paesaggi e gli edifici del nostro borgo, e di metterti alla prova sotto la guida esperta del mastro [&hellip;]\" \/>\n<meta property=\"og:url\" content=\"https:\/\/beta.visitsandonatovaldicomino.it\/es\/esperienza\/larte-degli-scalpellini-laboratorio-con-il-mastro-di-san-donato\/\" \/>\n<meta property=\"og:site_name\" content=\"Visit San Donato Val di Comino\" \/>\n<meta property=\"article:publisher\" content=\"https:\/\/www.facebook.com\/VisitSanDonatoValdiComino\" \/>\n<meta property=\"article:modified_time\" content=\"2026-03-03T19:19:11+00:00\" \/>\n<meta property=\"og:image\" content=\"https:\/\/beta.visitsandonatovaldicomino.it\/wp-content\/uploads\/2024\/10\/Laboratorio-artigianale-con-maestro-scalpellino-4-large.jpg\" \/>\n\t<meta property=\"og:image:width\" content=\"683\" \/>\n\t<meta property=\"og:image:height\" content=\"1024\" \/>\n\t<meta property=\"og:image:type\" content=\"image\/jpeg\" \/>\n<meta name=\"twitter:card\" content=\"summary_large_image\" \/>\n<!-- \/ Yoast SEO Premium plugin. -->","yoast_head_json":{"title":"L\u2019arte degli Scalpellini: Laboratorio con il Mastro di San Donato | Visit San Donato Val di Comino","robots":{"index":"noindex","follow":"follow","max-snippet":"max-snippet:-1","max-image-preview":"max-image-preview:large","max-video-preview":"max-video-preview:-1"},"og_locale":"es_ES","og_type":"article","og_title":"L\u2019arte degli Scalpellini: Laboratorio con il Mastro di San Donato","og_description":"Immergiti nella tradizione secolare degli scalpellini di San Donato Val di Comino e vivi un\u2019esperienza unica! In questo laboratorio di 1-2 ore, avrai l\u2019opportunit\u00e0 di conoscere da vicino la storia di quest\u2019arte antica, che ha modellato i paesaggi e gli edifici del nostro borgo, e di metterti alla prova sotto la guida esperta del mastro [&hellip;]","og_url":"https:\/\/beta.visitsandonatovaldicomino.it\/es\/esperienza\/larte-degli-scalpellini-laboratorio-con-il-mastro-di-san-donato\/","og_site_name":"Visit San Donato Val di Comino","article_publisher":"https:\/\/www.facebook.com\/VisitSanDonatoValdiComino","article_modified_time":"2026-03-03T19:19:11+00:00","og_image":[{"width":683,"height":1024,"url":"https:\/\/beta.visitsandonatovaldicomino.it\/wp-content\/uploads\/2024\/10\/Laboratorio-artigianale-con-maestro-scalpellino-4-large.jpg","type":"image\/jpeg"}],"twitter_card":"summary_large_image","schema":{"@context":"https:\/\/schema.org","@graph":[{"@type":"WebPage","@id":"https:\/\/beta.visitsandonatovaldicomino.it\/esperienza\/larte-degli-scalpellini-laboratorio-con-il-mastro-di-san-donato\/","url":"https:\/\/beta.visitsandonatovaldicomino.it\/esperienza\/larte-degli-scalpellini-laboratorio-con-il-mastro-di-san-donato\/","name":"L\u2019arte degli Scalpellini: Laboratorio con il Mastro di San Donato | Visit San Donato Val di Comino","isPartOf":{"@id":"https:\/\/beta.visitsandonatovaldicomino.it\/#website"},"primaryImageOfPage":{"@id":"https:\/\/beta.visitsandonatovaldicomino.it\/esperienza\/larte-degli-scalpellini-laboratorio-con-il-mastro-di-san-donato\/#primaryimage"},"image":{"@id":"https:\/\/beta.visitsandonatovaldicomino.it\/esperienza\/larte-degli-scalpellini-laboratorio-con-il-mastro-di-san-donato\/#primaryimage"},"thumbnailUrl":"https:\/\/beta.visitsandonatovaldicomino.it\/wp-content\/uploads\/2024\/10\/Laboratorio-artigianale-con-maestro-scalpellino-4.jpg","datePublished":"2026-01-23T12:00:18+00:00","dateModified":"2026-03-03T19:19:11+00:00","breadcrumb":{"@id":"https:\/\/beta.visitsandonatovaldicomino.it\/esperienza\/larte-degli-scalpellini-laboratorio-con-il-mastro-di-san-donato\/#breadcrumb"},"inLanguage":"es","potentialAction":[{"@type":"ReadAction","target":["https:\/\/beta.visitsandonatovaldicomino.it\/esperienza\/larte-degli-scalpellini-laboratorio-con-il-mastro-di-san-donato\/"]}]},{"@type":"ImageObject","inLanguage":"es","@id":"https:\/\/beta.visitsandonatovaldicomino.it\/esperienza\/larte-degli-scalpellini-laboratorio-con-il-mastro-di-san-donato\/#primaryimage","url":"https:\/\/beta.visitsandonatovaldicomino.it\/wp-content\/uploads\/2024\/10\/Laboratorio-artigianale-con-maestro-scalpellino-4.jpg","contentUrl":"https:\/\/beta.visitsandonatovaldicomino.it\/wp-content\/uploads\/2024\/10\/Laboratorio-artigianale-con-maestro-scalpellino-4.jpg","width":2400,"height":3600},{"@type":"BreadcrumbList","@id":"https:\/\/beta.visitsandonatovaldicomino.it\/esperienza\/larte-degli-scalpellini-laboratorio-con-il-mastro-di-san-donato\/#breadcrumb","itemListElement":[{"@type":"ListItem","position":1,"name":"Home","item":"https:\/\/beta.visitsandonatovaldicomino.it\/"},{"@type":"ListItem","position":2,"name":"Esperienze","item":"https:\/\/beta.visitsandonatovaldicomino.it\/esperienza\/"},{"@type":"ListItem","position":3,"name":"L\u2019arte degli Scalpellini: Laboratorio con il Mastro di San Donato"}]},{"@type":"WebSite","@id":"https:\/\/beta.visitsandonatovaldicomino.it\/#website","url":"https:\/\/beta.visitsandonatovaldicomino.it\/","name":"Visit San Donato Val di Comino","description":"","publisher":{"@id":"https:\/\/beta.visitsandonatovaldicomino.it\/#organization"},"alternateName":"Visit San Donato","potentialAction":[{"@type":"SearchAction","target":{"@type":"EntryPoint","urlTemplate":"https:\/\/beta.visitsandonatovaldicomino.it\/?s={search_term_string}"},"query-input":{"@type":"PropertyValueSpecification","valueRequired":true,"valueName":"search_term_string"}}],"inLanguage":"es"},{"@type":"Organization","@id":"https:\/\/beta.visitsandonatovaldicomino.it\/#organization","name":"Visit San Donato Val di Comino","alternateName":"Visit San Donato","url":"https:\/\/beta.visitsandonatovaldicomino.it\/","logo":{"@type":"ImageObject","inLanguage":"es","@id":"https:\/\/beta.visitsandonatovaldicomino.it\/#\/schema\/logo\/image\/","url":"https:\/\/beta.visitsandonatovaldicomino.it\/wp-content\/uploads\/2023\/10\/Visit-San-Donato-Val-di-Comino-Logo-White.png","contentUrl":"https:\/\/beta.visitsandonatovaldicomino.it\/wp-content\/uploads\/2023\/10\/Visit-San-Donato-Val-di-Comino-Logo-White.png","width":1920,"height":1061,"caption":"Visit San Donato Val di Comino"},"image":{"@id":"https:\/\/beta.visitsandonatovaldicomino.it\/#\/schema\/logo\/image\/"},"sameAs":["https:\/\/www.facebook.com\/VisitSanDonatoValdiComino","https:\/\/www.instagram.com\/visit_sandonatovaldicomino"],"email":"info@visitsandonatovaldicomino.it","legalName":"Visit San Donato Val di Comino","foundingDate":"2024-05-01","numberOfEmployees":{"@type":"QuantitativeValue","minValue":"1","maxValue":"10"}}]}},"_links":{"self":[{"href":"https:\/\/beta.visitsandonatovaldicomino.it\/es\/wp-json\/wp\/v2\/experiences\/20657","targetHints":{"allow":["GET"]}}],"collection":[{"href":"https:\/\/beta.visitsandonatovaldicomino.it\/es\/wp-json\/wp\/v2\/experiences"}],"about":[{"href":"https:\/\/beta.visitsandonatovaldicomino.it\/es\/wp-json\/wp\/v2\/types\/esperienza"}],"replies":[{"embeddable":true,"href":"https:\/\/beta.visitsandonatovaldicomino.it\/es\/wp-json\/wp\/v2\/comments?post=20657"}],"wp:featuredmedia":[{"embeddable":true,"href":"https:\/\/beta.visitsandonatovaldicomino.it\/es\/wp-json\/wp\/v2\/media\/7525"}],"wp:attachment":[{"href":"https:\/\/beta.visitsandonatovaldicomino.it\/es\/wp-json\/wp\/v2\/media?parent=20657"}],"curies":[{"name":"wp","href":"https:\/\/api.w.org\/{rel}","templated":true}]}}

<p>Sumérjase en la tradición centenaria de los canteros de San Donato Val di Comino y viva una experiencia única. En este taller de 1-2 horas, tendrá la oportunidad de conocer la historia de este antiguo arte, que ha dado forma a los paisajes y edificios de nuestro pueblo, y ponerse a prueba bajo la experta guía del maestro cantero Stefano.</p>
<p>Durante la experiencia, Stefano le llevará en un fascinante viaje a través de las técnicas y herramientas utilizadas por los canteros a lo largo de los siglos. Podrá tocar las herramientas originales y experimentar el arte de tallar la piedra, aprendiendo los secretos de este antiguo oficio.</p>

<!-- This site is optimized with the Yoast SEO Premium plugin v26.7 (Yoast SEO v27.4) - https://yoast.com/product/yoast-seo-premium-wordpress/ -->
<title>L’arte degli Scalpellini: Laboratorio con il Mastro di San Donato | Visit San Donato Val di Comino</title>
<meta name="robots" content="noindex, follow, max-snippet:-1, max-image-preview:large, max-video-preview:-1" />
<meta property="og:locale" content="es_ES" />
<meta property="og:type" content="article" />
<meta property="og:title" content="L’arte degli Scalpellini: Laboratorio con il Mastro di San Donato" />
<meta property="og:description" content="Immergiti nella tradizione secolare degli scalpellini di San Donato Val di Comino e vivi un’esperienza unica! In questo laboratorio di 1-2 ore, avrai l’opportunità di conoscere da vicino la storia di quest’arte antica, che ha modellato i paesaggi e gli edifici del nostro borgo, e di metterti alla prova sotto la guida esperta del mastro [&hellip;]" />
<meta property="og:url" content="https://beta.visitsandonatovaldicomino.it/es/esperienza/larte-degli-scalpellini-laboratorio-con-il-mastro-di-san-donato/" />
<meta property="og:site_name" content="Visit San Donato Val di Comino" />
<meta property="article:publisher" content="https://www.facebook.com/VisitSanDonatoValdiComino" />
<meta property="article:modified_time" content="2026-03-03T19:19:11+00:00" />
<meta property="og:image" content="https://beta.visitsandonatovaldicomino.it/wp-content/uploads/2024/10/Laboratorio-artigianale-con-maestro-scalpellino-4-large.jpg" />
	<meta property="og:image:width" content="683" />
	<meta property="og:image:height" content="1024" />
	<meta property="og:image:type" content="image/jpeg" />
<meta name="twitter:card" content="summary_large_image" />
<!-- / Yoast SEO Premium plugin. -->

Immergiti nella tradizione secolare degli scalpellini di San Donato Val di Comino e vivi un’esperienza unica! In questo laboratorio di 1-2 ore, avrai l’opportunità di conoscere da vicino la storia di quest’arte antica, che ha modellato i paesaggi e gli edifici del nostro borgo, e di metterti alla prova sotto la guida esperta del mastro [&hellip;]
